 2*l - q - 20, 4*q + w = -0*l + l. Let r = l - -10. What is the units digit of r?
8
Let t(z) be the first derivative of -2*z**2 + 40*z - 17. What is the tens digit of t(-12)?
8
Suppose 3*g - 7*g = 3*h + 321, -4*g - 303 = -3*h. Let r = -34 - g. What is the tens digit of r?
4
Let i(q) = 189*q**2 + 14*q + 83. What is the hundreds digit of i(-5)?
7
Let h = -60 - -33. Let r be ((-20)/6)/(18/h). Suppose 0 = -0*j + 4*j - r*b - 214, 290 = 5*j + 5*b. What is the units digit of j?
6
Suppose 4*w - g + 3*g = -6, 4*w + 9 = -3*g. Suppose -p + 3*p - 90 = w. Let y = p + -27. What is the units digit of y?
8
What is the units digit of 1/5 - (2 + (-30995)/25)?
8
Let f = 16 + -32. Let t = -12 - f. Suppose r + 2*r = t*s - 84, -16 = -4*r. What is the units digit of s?
4
Let s(c) = -278*c - 373. What is the tens digit of s(-5)?
1
Let a = 8 + -4. Let c = 9 - a. Suppose c*q = -t + 4*q + 22, 4*t - 93 = -3*q. What is the tens digit of t?
2
Suppose 0 = 3*s - 19*s + 7984. What is the units digit of s?
9
Let q = 164 + 207. What is the hundreds digit of q?
3
Suppose -3*f = 3*p - 4 + 1, 0 = -5*f + 10. What is the tens digit of 8*(1 + 0 - p)?
1
Let v(c) = 215*c + 81. What is the units digit of v(3)?
6
Suppose 0 = -z - m - 26, 5*z + 189 = -4*m + 64. Let x = 17 + z. What is the tens digit of ((-2)/x)/((-3)/(-474))?
7
Let x = 5632 - 2702. What is the thousands digit of x?
2
Suppose -85*d + 84*d - a + 3198 = 0, -3*d = -4*a - 9566. What is the hundreds digit of d?
1
Let f(c) = 9*c + 2 - 3 - 1. What is the units digit of f(2)?
6
Let f(y) be the first derivative of -3*y**2/2 - y + 3. Suppose -5*n - 3 = 5*b - 18, 0 = -3*n + 2*b - 11. What is the units digit of f(n)?
2
Suppose 2*y = y + 2. Suppose -46 = -y*h - 4*o, -4*o + 12 = -h + 47. What is the tens digit of h?
2
Let g = -237 + 392. Suppose 4*m + 28 = 4*d, -5*d - m = 3*m - 8. Suppose -g = -u - d*u. What is the units digit of u?
1
Suppose 3*k = 4*h + 2284, -2*k - 2*h + 1631 - 113 = 0. What is the units digit of k?
0
Let x = 15 - 8. Suppose 5*o - 13 - x = 0. Suppose -3*v - 5*l + 110 = 2*v, 2*v + o*l - 36 = 0. What is the tens digit of v?
2
Suppose -4*x + v + 12272 = 0, -x + 1606 = -3*v - 1451. What is the units digit of x?
9
Let b(l) = 2*l**2 + 11*l. Suppose -20 = 5*s + 10. What is the units digit of b(s)?
6
Suppose 10*v = 65830 - 1540. What is the units digit of v?
9
Suppose -19*i + 1315 + 22283 = 0. What is the tens digit of i?
4
Suppose -45824 = -28*c - 36*c. What is the units digit of c?
6
Let x(b) = b**2 + 11*b + 8 + 7*b - 15*b. Let k be (1 - -1) + -6*1. What is the units digit of x(k)?
2
Let f = -12 + 17. Suppose 2*z = -o, -z + f = 3*o - 0. What is the units digit of (2/4)/(z/(-32))?
6
Let m(y) = 11*y - 3*y - 3*y + 4*y + 2*y**2 + 5. What is the hundreds digit of m(-11)?
1
Suppose 61*o - 9164 = -4*j + 60*o, 0 = 4*j + 4*o - 9176. What is the hundreds digit of j?
2
Let j(o) = -o**2 + 5*o + 1. Suppose 2*y + 0*y = 8. Let c be j(y). Suppose -s = -c*h - 9 - 4, 5*s - 4*h - 44 = 0. What is the units digit of s?
8
Let b(s) = 10*s - 5*s**2 + 0*s**2 - 8 - s**3 - 2*s**2 + 2*s**3. What is the units digit of b(6)?
6
Let s(t) = -3*t + 9. Let m be s(0). Suppose 5*l - m*l = -140. What is the tens digit of l?
3
Let y be ((-3)/(-3))/((-3)/(-15)). Suppose 3*t - 3*i - y = 2*i, -2*t - 2 = 2*i. Let j(x) = 2*x + 10. What is the tens digit of j(t)?
1
Let t = 998 + -425. What is the units digit of t?
3
Let j be (-3)/((-23)/6 + 4). Let t = j - -21. Suppose -t*w + 0*w + 111 = 0. What is the tens digit of w?
3
Suppose 0*w - 5*b = -3*w + 125, 2*w + 3*b - 77 = 0. Let c be w*-2*27/(-24). Suppose -h = 4*h - c. What is the tens digit of h?
1
Let p be (0 + 1)/(6/18). Suppose -3*t - p*m + 45 = -0*m, -3*t + 5*m = -37. What is the units digit of (-6)/t + 1135/35?
2
Let l(y) = y**2 - 4. Let c be l(2). Let w(i) = i**3 + 2*i**2 - i + 212. What is the hundreds digit of w(c)?
2
Let l(q) = 6*q**2 + 275*q + 178. What is the units digit of l(-52)?
2
Suppose -36432 = -2*y - 22*y. What is the units digit of y?
8
Suppose 0 = -5*u - 5*j + 305, -2*u = -j - 2*j - 137. Suppose -60*h + u*h - 700 = 0. What is the tens digit of h?
7
Suppose -3*w = -7*w + 8, -5*w = -2*g - 14. What is the units digit of 3 - ((2 - g) + -27)?
6
Let c(j) = j. Let h(f) = 6*f - 1. Let t(q) = 5*c(q) - h(q). Let r be t(4). Let i(u) = -10*u - 4. What is the units digit of i(r)?
6
Let a(p) = -27*p - 4*p**2 + 226 + 3*p**2 + 19*p. What is the tens digit of a(0)?
2
Suppose 13*r - 34195 - 13476 = 0. What is the tens digit of r?
6
Let s = -68 + 123. Let f = s - 31. Suppose 7*t - 5*t - f = 0. What is the tens digit of t?
1
What is the hundreds digit of 826 + (2/(-6) - 18/27)?
8
Let a be (5/2)/(4/(-8)). Let q(w) = w**3 + 6*w**2 + 3*w + 2. What is the tens digit of q(a)?
1
Let p = 3052 - 1988. What is the units digit of p?
4
Let q = -5 - -39. What is the tens digit of q/(-5)*525/(-42)?
8
Suppose 7*i - 3313 = 1405. What is the units digit of i?
4
Suppose 6*p = -2*r + 2*p + 4416, -5*p - 8871 = -4*r. What is the units digit of r?
4
Suppose -2*n - j - 141 = -0*j, 78 = -n - 3*j. What is the tens digit of (n/46)/((-6)/320)?
8
Let s(w) = 16*w + 29. What is the units digit of s(30)?
9
Let z(k) = 27*k + 3393. What is the tens digit of z(0)?
9
Suppose -4123 = -7*x + 3381. What is the units digit of x?
2
Let j = 439 - 287. Let y = j + -80. What is the units digit of y?
2
Let z be 1 + (7/4 - 8/(-32)). Suppose -z*l = -7*l, 4*t - 436 = -l. What is the tens digit of t?
0
Suppose 0 = 3*a + 17 + 1. Let z = a + -21. What is the units digit of -1*((z - -3) + 4)?
0
Let t(f) = -f - 2. Let s be t(-3). Let r(u) = 6*u - u**2 + 2 - u**2 - s + 3. What is the units digit of r(3)?
4
Let x(o) = 18*o - 7. Let d(j) = j**3 + 4*j**2 + j + 2. Let b be d(-3). Let m be x(b). Let r = m + -94. What is the tens digit of r?
4
Let d(m) = 78*m - 192. What is the hundreds digit of d(16)?
0
Suppose 12 = -4*n, -5*y - 1 + 8 = -4*n. Let q be (-4)/(y + -3)*1. What is the units digit of q*11*(1 + 2)?
3
Suppose -10*m + 21101 = 4421. What is the thousands digit of m?
1
Suppose 0 = -3*j + 2*j + 6. Let w(y) = 11*y + 4. Let g be w(j). Suppose -7*b + 2*b = -g. What is the tens digit of b?
1
Suppose -5*m + 3220 = 3*t, -m = -3*t + 6*t - 644. Suppose -2*c - q = 4*q - m, -4*q = 3*c - 973. What is the tens digit of c?
2
Let g be 2575/75 + ((-1)/3 - 0). Let s = 40 - g. What is the units digit of s?
6
Let k be 3/1 + 24/12. Suppose 0 = p - 3*r - 30, 0 = -p - 3*p - k*r + 137. What is the tens digit of p?
3
Suppose -4*w = 5*n - 1871, 0 = 14*w - 10*w - 5*n - 1881. What is the tens digit of w?
6
Let y(h) be the second derivative of 5*h**4 + h**3/3 - h**2 - 12*h. What is the tens digit of y(1)?
6
Let o(p) = -17*p + 1. Let w(b) = 9*b. Let t(m) = 4*o(m) + 9*w(m). Let a = 849 - 845. What is the tens digit of t(a)?
5
Let u = -463 + 1037. What is the units digit of u?
4
Let z(b) = 2*b**3 - 8*b**2 + b + 1. What is the units digit of z(11)?
6
Suppose 2*v = 5*v + 3*k - 9, -3*k = -3. Suppose v*c = -5*c + 7. Let h = 41 - c. What is the tens digit of h?
4
Suppose 6*h - 40 - 20 = 0. What is the tens digit of (h/(-15))/(4/(-150))?
2
What is the tens digit of (-5)/(-7) - 765693/(-483)?
8
Suppose -6*l - 9 = 39. Let i(a) = a**3 + 8*a**2 - 6*a + 18. What is the tens digit of i(l)?
6
Let t(k) = -k**2 - 6*k - 4. Let y be t(-8). Let i = y + 86. What is the units digit of 4/22 - (-1572)/i?
4
Suppose -3*x = -12*y + 9*y - 546, -5*x - y = -898. What is the units digit of x?
0
Let j(v) = 6*v**3 + 3*v**2 - 8*v - 2. What is the tens digit of j(4)?
9
Let r(k) = -k**3 + 24*k**2 - 23*k + 45. Let b be r(23). What is the units digit of b/(5 - -4) + -1 + -3?
1
Let k = -48 + 76. Let t = k - 19. What is the tens digit of 107/5 + t/15?
2
Let j = 0 - 1. Let v be -3*(-2 + j) + 1. Suppose -68 = 9*n - v*n. What is the tens digit of n?
6
Let w(b) = -2*b**3 + b**2 + 2*b + 27. What is the units digit of w(-6)?
3
Let w(o) = -6*o + 4*o + 4*o - 1 - 6. What is the tens digit of w(15)?
2
Let j(l) = 3*l**3 + l**2 - 1. Let n be j(1). Suppose n*o = -52 + 7. Let b = 30 + o. What is the units digit of b?
5
Let u(q) = q**3 - 9*q + 9. Let w(c) = 3*c**3 - c**2 - 26*c + 26. Let b(l) = -17*u(l) + 6*w(l). Let v = 4 - -3. What is the tens digit of b(v)?
3
Let o(k) = k + 10. Let x be o(-6). Suppose x*f + 56 - 388 = 0. What is the units digi